= -9*w + 64, z = 5*p - 10. Is w prime?
False
Let k(c) = -c**3 + 3*c**2 + c - 1. Let z be k(2). Suppose 0*o = z*o - 1415. Suppose -5*p + o = -2*l + 4*l, p - 51 = l. Is p a composite number?
True
Suppose 4*d = 3 - 11, 0 = -3*x - 4*d - 2. Suppose -x*g - 20 = -0*g. Let f = 5 - g. Is f a prime number?
False
Let p be (42/(-8))/((-1)/48). Suppose -232 = -4*i + b - 0*b, -4*i = 4*b - p. Is i prime?
True
Suppose -5*m - 43 - 162 = 0. Let w = 142 + m. Suppose -5*x + w = -134. Is x composite?
False
Let q(z) = 15*z + 2. Let g(n) = -n + 3. Let d be g(0). Is q(d) a composite number?
False
Let t be 2/(-9) + 1748/9. Let g = t + 215. Is g prime?
True
Suppose 48 = -9*m + 5*m. Let f(c) = -c**3 - 12*c**2 - 18*c - 5. Is f(m) prime?
True
Is 4 + 42456/18 + 2/6 a composite number?
True
Suppose a + 3*a = 92. Let p = a - 16. Is p a composite number?
False
Let r be 3 - 0 - (2 - -1). Suppose -8*i + 9*i - 39 = r. Is i a prime number?
False
Suppose -11*i + 10*i + 1228 = 0. Suppose 2*n - i = -66. Is n composite?
True
Suppose -11*j = -17*j + 8454. Is j a prime number?
True
Let m = -2 - -2. Let o be (-430)/(-4)*12/15 + -3. Suppose m*w - o = -w. Is w prime?
True
Let l(b) = 3*b - 14. Is l(11) a prime number?
True
Let d = 741 + -248. Is d a prime number?
False
Suppose -7 = -4*a + 13. Let f = a - 6. Is 1 + (6 - 2) + f composite?
True
Let o = -430 + 668. Suppose -z + 3*z - o = 0. Is z a composite number?
True
Is 429 + -2 + -2 - -2 a composite number?
True
Suppose 5*u - 11 = -1. Suppose 0 = 2*q + 4*x + u, -3*q + 2*x - x = 3. Let r(c) = -22*c**3 + 2*c + 1. Is r(q) prime?
False
Let q(u) = 2 + 10*u + 6 - 24*u + 0. Is q(-9) a prime number?
False
Let w(n) = 3*n**2 - 4*n - 3. Let t be 4*((-2 - -5) + -1). Is w(t) prime?
True
Let m = 9 - 6. Let n(x) = 10*x**2 - x - 4. Is n(m) prime?
True
Suppose 5*o + 5*w - 213 = 342, -2*o + w + 234 = 0. Is o a composite number?
True
Suppose -2*c + 21 = -19. Let o = c - 35. Let n = 68 - o. Is n prime?
True
Is (-31300)/(-12) + 5/3 + -1 a prime number?
True
Let s = 20 + -12. Let x = -6 + s. Suppose -5 = -l, x*l - 27 = -2*f - l. Is f prime?
False
Let y = 243 - 86. Is y composite?
False
Let c(b) = b**3 - 4*b**2 + 2*b. Let q be c(4). Suppose -3*j + j + 3*s + q = 0, 2*j - 20 = -3*s. Is j prime?
True
Suppose -3 = -2*n - 5. Let a(y) = y**3 - 17*y**2 + 3*y - 2. Let g(o) = o**2 + o + 1. Let q(t) = n*a(t) - 6*g(t). Is q(10) composite?
True
Suppose -2*p = -36 - 44. Suppose 2*s - 13 = -s + o, 0 = -5*s - 2*o + p. Let i = 25 + s. Is i a prime number?
True
Let u = 4 + -4. Suppose -3*r - 4*f + 257 = u, 4*r - 2*f - 301 = f. Is r a composite number?
False
Suppose -100 = -v + 2*q, 4*q + 97 = v + q. Suppose h = v - 23. Is h prime?
True
Let z(y) = y**3 + 7*y**2 - 6*y - 2. Let m be z(-7). Let p = 202 + m. Suppose 0 = i - 2*i + 3, 0 = 5*x - i - p. Is x prime?
False
Suppose 4*i = -m, -3*i + 6*i = 5*m. Suppose i*f = -3*f - 399. Is f*(2 - (3 - 0)) prime?
False
Let h(r) = 1. Let m(z) = 19*z + 4. Let w(g) = -4*h(g) + m(g). Let l be w(-1). Let q = 34 + l. Is q prime?
False
Let t(v) = v + 8. Let f be t(0). Let u(m) = m**3 - 8*m**2 + 3*m - 5. Is u(f) composite?
False
Let c = 4143 + -2666. Is c a prime number?
False
Let d be 1 + 4 - 2 - 0. Let a(z) = 3*z + d*z - 2*z**2 - z**3 + 6 - 2*z. Is a(-4) prime?
False
Let k = -46 - -1739. Is k a composite number?
False
Let p be 3/(3 + -2 - 0). Suppose -p*g - 2*h = -1615, 3*g + 8*h - 1630 = 3*h. Is g a prime number?
False
Let c(s) = s**2 + 2*s - 3. Let b be c(-3). Suppose b = -4*u + 3*u + 563. Is u prime?
True
Let a(z) = 10*z - 7. Is a(5) composite?
False
Suppose -3 = -5*r - 8. Is -1 - 0 - r - -89 prime?
True
Suppose 332060 = 18*z + 2*z. Is z a prime number?
True
Suppose -20 = 19*p - 2566. Is p a composite number?
True
Suppose 54 - 282 = -k. Is (k/(-10))/(4/(-10)) composite?
True
Is (26/(-8))/((-6)/552) a composite number?
True
Is (-1*1)/((-4)/452) composite?
False
Let i(n) = n**2 - 2*n - 7. Let b be i(-5). Let m = -13 + b. Is m composite?
True
Let y(b) = -b**2 - 6*b + 5. Let a be y(-7). Let k(d) = 44*d + 3. Let t(h) = -h. Let u(g) = -k(g) - 3*t(g). Is u(a) composite?
False
Let x = 1 + 1. Is 1*x*(-65)/(-10) prime?
True
Suppose -3*a - 128 - 85 = -3*j, j = -a - 75. Is 15*1*a/(-3) a composite number?
True
Suppose x - 4*x = -120. Suppose 0*l + x = 5*l. Suppose l = c - 11. Is c a composite number?
False
Let y = 35 - 17. Is (-8)/36 - (-3190)/y a prime number?
False
Let j be (1/2)/(2/(-8)). Is -2*(186/(-4) - j) composite?
False
Let z be 0 - 0/(-3)*-1. Suppose z = -2*y - 3*y + 105. Is y a composite number?
True
Suppose -4*d + 129 = -j, -j = -2*d + d + 36. Is d prime?
True
Suppose 5*i = -0*i - 3*v, -2*i - 4*v = 0. Suppose 0 = 3*q - i*q - 15. Suppose -5*g + 2*x = -113, -2*g - 4 = q*x - 26. Is g prime?
False
Let d(c) = -2*c + 2. Let f be d(1). Suppose -s + 4*u + 109 = f, -2*u - 23 + 251 = 2*s. Is s a composite number?
False
Let c = -38 + 71. Is c composite?
True
Suppose -a = -4*a + 27. Let s be (-9)/(-6)*(-16)/(-8). Let d = a - s. Is d prime?
False
Suppose -238 = -x + 231. Is x a composite number?
True
Is 1950/45*6/4 composite?
True
Let v = 1 - -3. Suppose 0 = -5*d - v*b + 1039, -2*d + 641 = d - 2*b. Is d a composite number?
False
Suppose 0 = 8*o - 559 - 393. Is o composite?
True
Let i be (6/(-8))/((-4)/16). Suppose -4*w + 907 = -i*m, -2*w = -4*w - m + 441. Is w a prime number?
True
Let h = -180 - -1281. Is h a prime number?
False
Suppose 2115 = 10*l - 7655. Is l prime?
True
Let f(d) = 22*d - 27. Is f(8) composite?
False
Let u be (2 - 3 - -15) + 2. Suppose q - 2*t - u = -0, -q + 22 = -4*t. Let f = q - 0. Is f a prime number?
False
Suppose 4*m + 12 = -0. Let l(x) = x**3 + 7*x**2 + 7*x - 8. Let j be l(-6). Is (m - (0 - j))*-5 composite?
True
Suppose -2*r + 51 = -5*k + 11, 5*r - 2*k - 100 = 0. Is ((-14)/4)/((-5)/r) prime?
False
Suppose -l + 233 = 58. Suppose -21 = -s - 2*i + 12, -5*s - 5*i + l = 0. Is s composite?
False
Let v(n) = n**3 - 6*n**2 - n + 6. Let c be v(6). Let d(u) = -u + 1151. Is d(c) a prime number?
True
Is -6 + (-4 - (-94 + 5)) prime?
True
Suppose 4*s = 2*j + 554, 8*s = 3*s + 4*j + 697. Let q = -52 + s. Is q prime?
False
Suppose 69 = r + 2*r. Is r prime?
True
Let g(o) = -o**3 - 12*o + 3*o**2 - 13 - 7*o**2 - 6*o**2. Suppose -12*z + 15*z + 27 = 0. Is g(z) a prime number?
False
Let y(z) = z**3 + 10*z**2 + 10*z - 11. Let q = 35 - 50. Let u = q + 7. Is y(u) composite?
False
Suppose 5*r + 4*h = 935 + 550, 5*r - 4*h - 1525 = 0. Is r a prime number?
False
Let q(m) = -16*m**2 - 5*m + 9. Let u be q(-8). Let w = -466 - u. Is w a prime number?
True
Let k(i) = 1161*i - 1. Let s be k(1). Suppose -5*t = -2*g - 1865, -5*t + 700 = -g - s. Is t a composite number?
True
Let u be ((-10)/(-4))/((-1)/150). Let c = -164 - u. Is c composite?
False
Suppose 5*f = -2*z - 3*z + 5770, 2*f + 3*z - 2311 = 0. Is f a prime number?
True
Suppose 0 = 6*l - l. Suppose l = -c + o + 4*o - 22, 0 = c + 5*o + 12. Let n = 40 + c. Is n a composite number?
False
Suppose -12 = -5*k + 13. Is (452 - k)*(-1)/(-3) a composite number?
False
Let y(f) = -38*f - 21. Is y(-4) prime?
True
Let h(b) = 48*b - 13. Is h(7) composite?
True
Let h = -336 - -149. Let d = 350 + h. Is d a composite number?
False
Let l(k) = 2*k**2 + 3*k - 3. Let m be l(-3). Let y be (-4)/(-12) + 16/m. Let h(u) = 2*u**3 - 4*u**2 + 3*u + 4. Is h(y) a prime number?
True
Is (10*4 + 3)*1 a prime number?
True
Suppose 0 = -5*o - 5*q + 15, 0 = 2*o - 4*o + q + 6. Suppose y + 156 = o*y. Let r = -47 + y. Is r prime?
True
Let l(t) be the second derivative of -3*t**5/4 - t**4/6 - t**3/3 - t**2/2 - 2*t. Suppose 0*a + a + 1 = 0. Is l(a) a composite number?
True
Let b be ((-6)/4)/((-3)/12). Let d(g) = 11*g**2 - 7*g + 1. Is d(b) a prime number?
False
Let r(b) = -52*b**2 + 1. Let f be r(-1). Suppose 5*w + 354 = 2*t, 2*w - 4*t + 0*t + 132 = 0. Let x = f - w. Is x composite?
True
Let c be 6/15 + 192/(-5). Is ((-5)/(-5))/((-2)/c) composite?
False
Let h = 57 + -6. Let k = h - 4. Is (1 - k)*(-18)/12 composite?
True
Suppose -4*u + 3*s + 12 = 0, -3*s + 8 - 23 = -5*u. Suppose 66 = -u*g + g. Is (-1 - -3) + (-2 - g) prime?
False
Let n(m) = m + 2. Let x = 2 + -2. Let j be n(x). Suppose -480 = -4*k + 5*d, -j*k + 226 = 4*d - 3*d. Is k composite?
True
Suppose 3*s + 2*d = 4*d - 1, -37 = -4*s - 5*d. Suppose 3*k - 2*u - 35 = 0, -u + s*u + 2 = 0. Is k composite?
F